{"id":406,"date":"2019-06-05T11:07:41","date_gmt":"2019-06-05T09:07:41","guid":{"rendered":"https:\/\/vivoterem.hu\/?page_id=406"},"modified":"2025-12-05T08:41:57","modified_gmt":"2025-12-05T06:41:57","slug":"vivoterem","status":"publish","type":"page","link":"https:\/\/vivoterem.hu\/de\/vivoterem\/","title":{"rendered":"V\u00edv\u00f3terem"},"content":{"rendered":"[vc_row][vc_column][vc_column_text]\n<h1>A Palotanegyedben tal\u00e1ltunk haza<\/h1>\n[\/vc_column_text][vc_column_text][\/vc_column_text][\/vc_column][\/vc_row][vc_row content_placement=&#8220;middle&#8220;][vc_column width=&#8220;3\/5&#8243;][vc_column_text css=&#8220;.vc_custom_1763112542528{border-right-width: 3px !important;padding-right: 30px !important;border-right-color: #eeee22 !important;}&#8220;]A <strong>Belv\u00e1rosi V\u00edv\u00f3 Sportegyes\u00fclet<\/strong> m\u00e1r j\u00f3val a v\u00edv\u00f3terem megnyit\u00e1sa el\u0151tt m\u0171k\u00f6d\u00f6tt \u2014 \u00e9veken \u00e1t <strong>k\u00fcl\u00f6nb\u00f6z\u0151 helysz\u00edneken<\/strong> edzett\u00fcnk, am\u00edg megtal\u00e1ltuk a m\u00e9lt\u00f3 otthont.<br \/>\nEz az otthon lett a <strong>Kr\u00fady utcai, k\u00e9t szintes, modern v\u00edv\u00f3terem<\/strong>, amelyet 2018 \u00e1prilis\u00e1ban nyitottunk meg a <strong>Palotanegyed sz\u00edv\u00e9ben<\/strong>, a s\u00e9t\u00e1l\u00f3utca k\u00f6zep\u00e9n.<\/p>\n<p>Az \u00e9p\u00fclet kor\u00e1bban irodak\u00e9nt \u00e9s iratt\u00e1rk\u00e9nt szolg\u00e1lt, majd teljes \u00e1talak\u00edt\u00e1son ment kereszt\u00fcl, hogy v\u00edv\u00e1sra tervezett, korszer\u0171 sportt\u00e9r sz\u00fclessen bel\u0151le.<\/p>\n<p>A fel\u00faj\u00edt\u00e1s el\u0151tti \u201cnyit\u00f3bulin\u201d a gyerekek v\u00edv\u00f3felszerel\u00e9sben \u00e9rkeztek, \u00e9s \u0151k festett\u00e9k fel a falra a <strong>BELV\u00c1ROSI<\/strong> feliratot \u2013 ezzel szimbolikusan birtokba vett\u00fck a helyet.<\/p>\n<p>Ma itt m\u0171k\u00f6dik <strong>Magyarorsz\u00e1g els\u0151 vezet\u00e9k n\u00e9lk\u00fcli (wireless) v\u00edv\u00f3terme<\/strong>,<br \/>\n<strong>t\u00edz p\u00e1ston<\/strong>, k\u00e9t szinten, \u00f6lt\u00f6z\u0151kkel, irod\u00e1val \u00e9s k\u00f6z\u00f6ss\u00e9gi t\u00e9rrel.<\/p>\n<blockquote>\n<p>Egy hely, ahol a Belv\u00e1rosi v\u00e9gre <strong>otthon van.<\/strong><\/p>\n<\/blockquote>\n[\/vc_column_text][\/vc_column][vc_column width=&#8220;2\/5&#8243;][vc_single_image image=&#8220;793&#8243; img_size=&#8220;large&#8220;][\/vc_column][\/vc_row][vc_row][vc_column][vc_column_text]\n<h1>V\u00edv\u00f3terem fel\u00faj\u00edt\u00e1s el\u0151tt<\/h1>\n[\/vc_column_text][vc_column_text][\/vc_column_text][\/vc_column][\/vc_row][vc_row full_width=&#8220;stretch_row&#8220; gap=&#8220;10&#8243; content_placement=&#8220;middle&#8220;][vc_column css=&#8220;.vc_custom_1764916812182{padding-top: 12px !important;padding-right: 12px !important;padding-bottom: 12px !important;padding-left: 12px !important;}&#8220;][vc_gallery type=&#8220;image_grid&#8220; images=&#8220;792,798,799,801,802,803,804,805,807,809,811&#8243; img_size=&#8220;medium&#8220; css=&#8220;.vc_custom_1764916635968{padding-top: 12px !important;padding-right: 12px !important;padding-bottom: 12px !important;padding-left: 12px !important;}&#8220;][\/vc_column][\/vc_row]\n","protected":false},"excerpt":{"rendered":"<p>[vc_row][vc_column][vc_column_text] A Palotanegyedben tal\u00e1ltunk haza [\/vc_column_text][vc_column_text][\/vc_column_text][\/vc_column][\/vc_row][vc_row content_placement=&#8220;middle&#8220;][vc_column width=&#8220;3\/5&#8243;][vc_column_text css=&#8220;.vc_custom_1763112542528{border-right-width: 3px !important;padding-right: 30px !important;border-right-color: #eeee22 !important;}&#8220;]A Belv\u00e1rosi V\u00edv\u00f3 Sportegyes\u00fclet m\u00e1r j\u00f3val<\/p>\n","protected":false},"author":1,"featured_media":0,"parent":0,"menu_order":0,"comment_status":"closed","ping_status":"closed","template":"","meta":{"footnotes":""},"class_list":["post-406","page","type-page","status-publish","hentry"],"_links":{"self":[{"href":"https:\/\/vivoterem.hu\/de\/wp-json\/wp\/v2\/pages\/406","targetHints":{"allow":["GET"]}}],"collection":[{"href":"https:\/\/vivoterem.hu\/de\/wp-json\/wp\/v2\/pages"}],"about":[{"href":"https:\/\/vivoterem.hu\/de\/wp-json\/wp\/v2\/types\/page"}],"author":[{"embeddable":true,"href":"https:\/\/vivoterem.hu\/de\/wp-json\/wp\/v2\/users\/1"}],"replies":[{"embeddable":true,"href":"https:\/\/vivoterem.hu\/de\/wp-json\/wp\/v2\/comments?post=406"}],"version-history":[{"count":28,"href":"https:\/\/vivoterem.hu\/de\/wp-json\/wp\/v2\/pages\/406\/revisions"}],"predecessor-version":[{"id":820,"href":"https:\/\/vivoterem.hu\/de\/wp-json\/wp\/v2\/pages\/406\/revisions\/820"}],"wp:attachment":[{"href":"https:\/\/vivoterem.hu\/de\/wp-json\/wp\/v2\/media?parent=406"}],"curies":[{"name":"wp","href":"https:\/\/api.w.org\/{rel}","templated":true}]}}

Vívóterem

[vc_row][vc_column][vc_column_text]
<h1>A Palotanegyedben találtunk haza</h1>
[/vc_column_text][vc_column_text][/vc_column_text][/vc_column][/vc_row][vc_row content_placement=&#8220;middle&#8220;][vc_column width=&#8220;3/5&#8243;][vc_column_text css=&#8220;.vc_custom_1763112542528{border-right-width: 3px !important;padding-right: 30px !important;border-right-color: #eeee22 !important;}&#8220;]A <strong>Belvárosi Vívó Sportegyesület</strong> már jóval a vívóterem megnyitása előtt működött — éveken át <strong>különböző helyszíneken</strong> edzettünk, amíg megtaláltuk a méltó otthont.<br />
Ez az otthon lett a <strong>Krúdy utcai, két szintes, modern vívóterem</strong>, amelyet 2018 áprilisában nyitottunk meg a <strong>Palotanegyed szívében</strong>, a sétálóutca közepén.</p>
<p>Az épület korábban irodaként és irattárként szolgált, majd teljes átalakításon ment keresztül, hogy vívásra tervezett, korszerű sporttér szülessen belőle.</p>
<p>A felújítás előtti “nyitóbulin” a gyerekek vívófelszerelésben érkeztek, és ők festették fel a falra a <strong>BELVÁROSI</strong> feliratot – ezzel szimbolikusan birtokba vettük a helyet.</p>
<p>Ma itt működik <strong>Magyarország első vezeték nélküli (wireless) vívóterme</strong>,<br />
<strong>tíz páston</strong>, két szinten, öltözőkkel, irodával és közösségi térrel.</p>
<blockquote>
<p>Egy hely, ahol a Belvárosi végre <strong>otthon van.</strong></p>
</blockquote>
[/vc_column_text][/vc_column][vc_column width=&#8220;2/5&#8243;][vc_single_image image=&#8220;793&#8243; img_size=&#8220;large&#8220;][/vc_column][/vc_row][vc_row][vc_column][vc_column_text]
<h1>Vívóterem felújítás előtt</h1>
[/vc_column_text][vc_column_text][/vc_column_text][/vc_column][/vc_row][vc_row full_width=&#8220;stretch_row&#8220; gap=&#8220;10&#8243; content_placement=&#8220;middle&#8220;][vc_column css=&#8220;.vc_custom_1764916812182{padding-top: 12px !important;padding-right: 12px !important;padding-bottom: 12px !important;padding-left: 12px !important;}&#8220;][vc_gallery type=&#8220;image_grid&#8220; images=&#8220;792,798,799,801,802,803,804,805,807,809,811&#8243; img_size=&#8220;medium&#8220; css=&#8220;.vc_custom_1764916635968{padding-top: 12px !important;padding-right: 12px !important;padding-bottom: 12px !important;padding-left: 12px !important;}&#8220;][/vc_column][/vc_row]

<p>[vc_row][vc_column][vc_column_text] A Palotanegyedben találtunk haza [/vc_column_text][vc_column_text][/vc_column_text][/vc_column][/vc_row][vc_row content_placement=&#8220;middle&#8220;][vc_column width=&#8220;3/5&#8243;][vc_column_text css=&#8220;.vc_custom_1763112542528{border-right-width: 3px !important;padding-right: 30px !important;border-right-color: #eeee22 !important;}&#8220;]A Belvárosi Vívó Sportegyesület már jóval</p>
