{"id":10,"date":"2016-07-29T08:42:16","date_gmt":"2016-07-29T08:42:16","guid":{"rendered":"http:\/\/udesigntheme.com\/demos-for-export\/ufit\/?page_id=10"},"modified":"2025-04-02T13:51:39","modified_gmt":"2025-04-02T11:51:39","slug":"hirek","status":"publish","type":"page","link":"https:\/\/vivoterem.hu\/en\/hirek\/","title":{"rendered":"News"},"content":{"rendered":"[vc_row][vc_column]<div class=\"widget widget_latest_posts\"><h3 class=\"widgettitle\">Legfrissebb blog cikkek<\/h3><\/div>[vc_column_text]\n<div style=\"margin-bottom: 30px;\">\n<p><img loading=\"lazy\" decoding=\"async\" style=\"float: left; margin-right: 10px; margin-bottom: 10px;\" src=\"https:\/\/vivoterem.hu\/image\/selmeczi_gaborjan_vivokonyv.jpg\" width=\"170\" height=\"130\" \/><\/p>\n<p>Szurka &#8211; Piszk\u00e1k cs\u00f6rt\u00e9k k\u00f6z\u00f6tt<br \/>\n<span style=\"font-size: 14px; color: 272727; font-style: italic;\">Mindent meg\u00edrt Selmeczi Tibor humorista \u00e9s edz\u0151je, G\u00e1borj\u00e1n Rita<\/span><\/p>\n<p>Selmeczi Tibor humorista, \u00edr\u00f3, tal\u00e1n t\u00edz\u00e9ves lehetett, amikor Debrecenben az egyik v\u00edv\u00f3edz\u00e9s ut\u00e1n az az\u00f3ta sz\u00edn\u00e9ssz\u00e9 lett Cserhalmi Gy\u00f6rggyel sisak n\u00e9lk\u00fcl kezdett kardozni; alighanem egy romantikus kalandfilmbe k\u00e9pzelt\u00e9k magukat. &#8211; <a href=\"http:\/\/nol.hu\/mozaik\/20130906-szurka-piszkak_csortek_kozott?ref=sso \" target=\"_blank\" rel=\"noopener noreferrer\">B\u0151vebben&#8230;<\/a><\/div>\n<hr \/>\n<div style=\"margin-bottom: 30px;\">\n<p><img loading=\"lazy\" decoding=\"async\" style=\"float: left; margin-right: 10px; margin-bottom: 10px;\" src=\"https:\/\/vivoterem.hu\/image\/vivokonyv_2013.jpg\" width=\"170\" height=\"130\" \/><\/p>\n<p>V\u00edv\u00f3k\u00f6nyv &#8211; Kicsiknek \u00e9s nagyoknak<span style=\"font-size: 14px; color: 272727; font-style: italic;\"><br \/>\nStop.hu &#8211; 2013. j\u00falius 22. | 08:06<\/span><\/p>\n<p>K\u00e9t fanatikus v\u00edv\u00f3bolond, egy edz\u0151, G\u00e1borj\u00e1n Rita &#8211; aki ugyan sz\u0151ke n\u0151, de nem ez\u00e9rt szeretj\u00fck -, \u00e9s egy kiss\u00e9 t\u00falkoros tan\u00edtv\u00e1ny, Selmeczi Tibor &#8211; aki mellesleg nyugd\u00edjas humorista -, elhat\u00e1rozt\u00e1k, hogy k\u00f6nyvet \u00edrnak a sport\u00e1g n\u00e9pszer\u0171s\u00edt\u00e9s\u00e9re. &#8211; <a href=\"http:\/\/www.stop.hu\/sport\/vivokonyv-kicsiknek-es-nagyoknak\/1166980\/ \" target=\"_blank\" rel=\"noopener noreferrer\">B\u0151vebben&#8230;<\/a><\/div>\n<hr \/>\n<div style=\"margin-bottom: 30px;\">\n<p><img loading=\"lazy\" decoding=\"async\" class=\"alignnone\" style=\"float: left; margin-right: 10px; margin-bottom: 10px;\" src=\"https:\/\/vivoterem.hu\/image\/anyak lapja.jpg\" width=\"170\" height=\"130\" \/><\/p>\n<p style=\"text-align: justify;\">En garde!<span style=\"font-size: 16px;\"><br \/>\nA v\u00edv\u00e1s \u00e1ltal kiny\u00edlik a vil\u00e1g<\/span><span style=\"font-size: 14px; color: 272727; font-style: italic;\"><br \/>\nAny\u00e1k Lapja<\/span><\/p>\n<p style=\"text-align: justify;\">7 \u00e9ves Hanna \u00e9s a 10 \u00e9ves M\u00e1ty\u00e1s m\u00e9g csak egy h\u00f3napja j\u00e1rnak v\u00edvni az OSC budapesti v\u00edv\u00f3term\u00e9be, de m\u00e1ris nagy lelkesed\u00e9ssel mes\u00e9lnek eddigi \u00e9lm\u00e9nyeikr\u0151l. &#8211; <a href=\"https:\/\/vivoterem.hu\/pdf\/anyak lapja.pdf\" target=\"_blank\" rel=\"noopener noreferrer\">B\u0151vebben&#8230;<\/a><\/p>\n<\/div>\n<hr \/>\n<div style=\"margin-bottom: 30px;\">\n<p><img loading=\"lazy\" decoding=\"async\" style=\"float: left; margin-right: 10px; margin-bottom: 10px;\" src=\"https:\/\/vivoterem.hu\/image\/sportime.jpg\" width=\"170\" height=\"130\" \/><\/p>\n<p>Cs\u00f6rt\u00e9k a mozi f\u00f6l\u00f6tt<span style=\"font-size: 16px;\"><br \/>\nSzabadid\u0151ben is szabad a v\u00edv\u00e1s <\/span><span style=\"font-size: 14px; color: 272727; font-style: italic;\"><br \/>\nSportime &#8211; Sz\u00f6veg: D\u00e1vid Zs\u00f3fia<\/span><\/p>\n<p>Ha estefel\u00e9 a Kossuth Lajos utc\u00e1n s\u00e9t\u00e1lva feln\u00e9z\u00fcnk a Puskin Mozi f\u00f6l\u00e9, a villanyf\u00e9nyben sisakos, feh\u00e9r ruh\u00e1s alakokat l\u00e1thatunk a m\u00e9retes VIV\u00c1S felirat m\u00f6g\u00f6tt egym\u00e1snak ugrani \u2013 <a href=\"https:\/\/vivoterem.hu\/pdf\/sportime.pdf\" target=\"_blank\" rel=\"noopener noreferrer\">B\u0151vebben&#8230;<\/a><\/div>\n<hr \/>\n<div style=\"margin-bottom: 30px;\">\n<p><img loading=\"lazy\" decoding=\"async\" style=\"float: left; margin-right: 10px; margin-bottom: 10px;\" src=\"https:\/\/vivoterem.hu\/image\/nokmozgasban.jpg\" width=\"170\" height=\"130\" \/><\/p>\n<p>V\u00edvni negyven felett? Mi\u00e9rt ne?<span style=\"font-size: 14px; color: 272727; font-style: italic;\"><br \/>\nN\u0151k mozg\u00e1sban &#8211; \u00cdrta: G\u00e1borj\u00e1n Rita 2012 j\u00fanius 16., szombat<\/span><\/p>\n<p>5-60 \u00e9ves korig el lehet kezdeni tanulni v\u00edvni. Elkezdheted p\u00e9ld\u00e1ul 30 alkalmas tanfolyamon \u00e9s ut\u00e1na m\u00e1r rendesen v\u00edvhatsz is, meg indulhatsz erre szakosodott \u00fan. amat\u0151r versenyen is. \u2013 <a href=\"http:\/\/www.nokmozgasban.com\/2012\/06\/vivni-negyven-felett-miert-ne.html\" target=\"_blank\" rel=\"noopener noreferrer\">B\u0151vebben&#8230;<\/a><\/div>\n<hr \/>\n<div style=\"margin-bottom: 30px;\">\n<p><img loading=\"lazy\" decoding=\"async\" style=\"float: left; margin-right: 10px; margin-bottom: 10px;\" src=\"https:\/\/vivoterem.hu\/image\/gyerekvivas.jpg\" width=\"170\" height=\"130\" \/><\/p>\n<p>Mi\u00e9rt j\u00f3 gyerekkorban elkezdeni a v\u00edv\u00e1st?<span style=\"font-size: 14px;\"><br \/>\nHobbi v\u00edv\u00e1s <\/span><span style=\"font-size: 12px; color: 272727; font-style: italic;\"><br \/>\nPersonaltraining &#8211; \u00cdrta: G\u00e1borj\u00e1n Rita 2012 janu\u00e1r 24 kedd<\/span><\/p>\n<p>A v\u00edv\u00e1s olyan sport, amelyet \u00e9rdemes elkezdeni m\u00e1r 9-10 \u00e9ves korban, mivel ekkor a gyerekek m\u00e1r fejlettek annyira, hogy bel\u00e9j\u00fck lehessen v\u00e9sni a v\u00edv\u00f3alapokat , amik a legfontosabb elemei a v\u00edv\u00e1snak. &#8211; <a href=\"http:\/\/www.personaltraining.hu\/index.php\/szubjektiv\/vele\/3427-miert-jo-gyerekkorban-elkezdeni-a-vivast\" target=\"_blank\" rel=\"noopener noreferrer\">B\u0151vebben&#8230;<\/a><\/div>\n<hr \/>\n<div style=\"margin-bottom: 30px;\">\n<p><img loading=\"lazy\" decoding=\"async\" style=\"float: left; margin-right: 10px; margin-bottom: 10px;\" src=\"https:\/\/vivoterem.hu\/image\/personaltraining.jpg\" width=\"170\" height=\"130\" \/><\/p>\n<p>Testedz\u00e9s nem h\u00e9tk\u00f6znapi m\u00f3don?<span style=\"font-size: 16px;\"><br \/>\nHobbi v\u00edv\u00e1s <\/span><span style=\"font-size: 14px; color: 272727; font-style: italic;\"><br \/>\nPersonaltraining &#8211; \u00cdrta: G\u00e1borj\u00e1n Rita 2011 november 24,. cs\u00fct\u00f6rt\u00f6k<\/span><\/p>\n<p>A v\u00edv\u00e1s az egyik leggyorsabb atletikus k\u00fczdelem, amelynek \u00e9rdekess\u00e9ge, hogy nem a test k\u00fczd a test ellen, hanem a fegyver a fegyver ellen. &#8211; <a href=\"http:\/\/personaltraining.hu\/index.php\/sportag-leirasok-bemutatok\/sportagbemutato\/3180-testedzes-nem-hetkoeznapi-modon-hobbi-vivas\" target=\"_blank\" rel=\"noopener noreferrer\">B\u0151vebben&#8230;<\/a><\/div>\n[\/vc_column_text][\/vc_column][\/vc_row]\n","protected":false},"excerpt":{"rendered":"<p>[vc_row][vc_column][vc_column_text] Szurka &#8211; Piszk\u00e1k cs\u00f6rt\u00e9k k\u00f6z\u00f6tt Mindent meg\u00edrt Selmeczi Tibor humorista \u00e9s edz\u0151je, G\u00e1borj\u00e1n Rita Selmeczi Tibor humorista, \u00edr\u00f3, tal\u00e1n<\/p>\n","protected":false},"author":1,"featured_media":0,"parent":0,"menu_order":0,"comment_status":"closed","ping_status":"closed","template":"","meta":{"footnotes":""},"class_list":["post-10","page","type-page","status-publish","hentry"],"_links":{"self":[{"href":"https:\/\/vivoterem.hu\/en\/wp-json\/wp\/v2\/pages\/10","targetHints":{"allow":["GET"]}}],"collection":[{"href":"https:\/\/vivoterem.hu\/en\/wp-json\/wp\/v2\/pages"}],"about":[{"href":"https:\/\/vivoterem.hu\/en\/wp-json\/wp\/v2\/types\/page"}],"author":[{"embeddable":true,"href":"https:\/\/vivoterem.hu\/en\/wp-json\/wp\/v2\/users\/1"}],"replies":[{"embeddable":true,"href":"https:\/\/vivoterem.hu\/en\/wp-json\/wp\/v2\/comments?post=10"}],"version-history":[{"count":4,"href":"https:\/\/vivoterem.hu\/en\/wp-json\/wp\/v2\/pages\/10\/revisions"}],"predecessor-version":[{"id":712,"href":"https:\/\/vivoterem.hu\/en\/wp-json\/wp\/v2\/pages\/10\/revisions\/712"}],"wp:attachment":[{"href":"https:\/\/vivoterem.hu\/en\/wp-json\/wp\/v2\/media?parent=10"}],"curies":[{"name":"wp","href":"https:\/\/api.w.org\/{rel}","templated":true}]}}

[vc_row][vc_column]<div class="widget widget_latest_posts"><h3 class="widgettitle">Legfrissebb blog cikkek</h3></div>[vc_column_text]
<div style="margin-bottom: 30px;">
<p><img loading="lazy" decoding="async" style="float: left; margin-right: 10px; margin-bottom: 10px;" src="https://vivoterem.hu/image/selmeczi_gaborjan_vivokonyv.jpg" width="170" height="130" /></p>
<p>Szurka &#8211; Piszkák csörték között<br />
<span style="font-size: 14px; color: 272727; font-style: italic;">Mindent megírt Selmeczi Tibor humorista és edzője, Gáborján Rita</span></p>
<p>Selmeczi Tibor humorista, író, talán tízéves lehetett, amikor Debrecenben az egyik vívóedzés után az azóta színésszé lett Cserhalmi Györggyel sisak nélkül kezdett kardozni; alighanem egy romantikus kalandfilmbe képzelték magukat. &#8211; <a href="http://nol.hu/mozaik/20130906-szurka-piszkak_csortek_kozott?ref=sso " target="_blank" rel="noopener noreferrer">Bővebben&#8230;</a></div>
<hr />
<div style="margin-bottom: 30px;">
<p><img loading="lazy" decoding="async" style="float: left; margin-right: 10px; margin-bottom: 10px;" src="https://vivoterem.hu/image/vivokonyv_2013.jpg" width="170" height="130" /></p>
<p>Vívókönyv &#8211; Kicsiknek és nagyoknak<span style="font-size: 14px; color: 272727; font-style: italic;"><br />
Stop.hu &#8211; 2013. július 22. | 08:06</span></p>
<p>Két fanatikus vívóbolond, egy edző, Gáborján Rita &#8211; aki ugyan szőke nő, de nem ezért szeretjük -, és egy kissé túlkoros tanítvány, Selmeczi Tibor &#8211; aki mellesleg nyugdíjas humorista -, elhatározták, hogy könyvet írnak a sportág népszerűsítésére. &#8211; <a href="http://www.stop.hu/sport/vivokonyv-kicsiknek-es-nagyoknak/1166980/ " target="_blank" rel="noopener noreferrer">Bővebben&#8230;</a></div>
<hr />
<div style="margin-bottom: 30px;">
<p><img loading="lazy" decoding="async" class="alignnone" style="float: left; margin-right: 10px; margin-bottom: 10px;" src="https://vivoterem.hu/image/anyak lapja.jpg" width="170" height="130" /></p>
<p style="text-align: justify;">En garde!<span style="font-size: 16px;"><br />
A vívás által kinyílik a világ</span><span style="font-size: 14px; color: 272727; font-style: italic;"><br />
Anyák Lapja</span></p>
<p style="text-align: justify;">7 éves Hanna és a 10 éves Mátyás még csak egy hónapja járnak vívni az OSC budapesti vívótermébe, de máris nagy lelkesedéssel mesélnek eddigi élményeikről. &#8211; <a href="https://vivoterem.hu/pdf/anyak lapja.pdf" target="_blank" rel="noopener noreferrer">Bővebben&#8230;</a></p>
</div>
<hr />
<div style="margin-bottom: 30px;">
<p><img loading="lazy" decoding="async" style="float: left; margin-right: 10px; margin-bottom: 10px;" src="https://vivoterem.hu/image/sportime.jpg" width="170" height="130" /></p>
<p>Csörték a mozi fölött<span style="font-size: 16px;"><br />
Szabadidőben is szabad a vívás </span><span style="font-size: 14px; color: 272727; font-style: italic;"><br />
Sportime &#8211; Szöveg: Dávid Zsófia</span></p>
<p>Ha estefelé a Kossuth Lajos utcán sétálva felnézünk a Puskin Mozi fölé, a villanyfényben sisakos, fehér ruhás alakokat láthatunk a méretes VIVÁS felirat mögött egymásnak ugrani – <a href="https://vivoterem.hu/pdf/sportime.pdf" target="_blank" rel="noopener noreferrer">Bővebben&#8230;</a></div>
<hr />
<div style="margin-bottom: 30px;">
<p><img loading="lazy" decoding="async" style="float: left; margin-right: 10px; margin-bottom: 10px;" src="https://vivoterem.hu/image/nokmozgasban.jpg" width="170" height="130" /></p>
<p>Vívni negyven felett? Miért ne?<span style="font-size: 14px; color: 272727; font-style: italic;"><br />
Nők mozgásban &#8211; Írta: Gáborján Rita 2012 június 16., szombat</span></p>
<p>5-60 éves korig el lehet kezdeni tanulni vívni. Elkezdheted például 30 alkalmas tanfolyamon és utána már rendesen vívhatsz is, meg indulhatsz erre szakosodott ún. amatőr versenyen is. – <a href="http://www.nokmozgasban.com/2012/06/vivni-negyven-felett-miert-ne.html" target="_blank" rel="noopener noreferrer">Bővebben&#8230;</a></div>
<hr />
<div style="margin-bottom: 30px;">
<p><img loading="lazy" decoding="async" style="float: left; margin-right: 10px; margin-bottom: 10px;" src="https://vivoterem.hu/image/gyerekvivas.jpg" width="170" height="130" /></p>
<p>Miért jó gyerekkorban elkezdeni a vívást?<span style="font-size: 14px;"><br />
Hobbi vívás </span><span style="font-size: 12px; color: 272727; font-style: italic;"><br />
Personaltraining &#8211; Írta: Gáborján Rita 2012 január 24 kedd</span></p>
<p>A vívás olyan sport, amelyet érdemes elkezdeni már 9-10 éves korban, mivel ekkor a gyerekek már fejlettek annyira, hogy beléjük lehessen vésni a vívóalapokat , amik a legfontosabb elemei a vívásnak. &#8211; <a href="http://www.personaltraining.hu/index.php/szubjektiv/vele/3427-miert-jo-gyerekkorban-elkezdeni-a-vivast" target="_blank" rel="noopener noreferrer">Bővebben&#8230;</a></div>
<hr />
<div style="margin-bottom: 30px;">
<p><img loading="lazy" decoding="async" style="float: left; margin-right: 10px; margin-bottom: 10px;" src="https://vivoterem.hu/image/personaltraining.jpg" width="170" height="130" /></p>
<p>Testedzés nem hétköznapi módon?<span style="font-size: 16px;"><br />
Hobbi vívás </span><span style="font-size: 14px; color: 272727; font-style: italic;"><br />
Personaltraining &#8211; Írta: Gáborján Rita 2011 november 24,. csütörtök</span></p>
<p>A vívás az egyik leggyorsabb atletikus küzdelem, amelynek érdekessége, hogy nem a test küzd a test ellen, hanem a fegyver a fegyver ellen. &#8211; <a href="http://personaltraining.hu/index.php/sportag-leirasok-bemutatok/sportagbemutato/3180-testedzes-nem-hetkoeznapi-modon-hobbi-vivas" target="_blank" rel="noopener noreferrer">Bővebben&#8230;</a></div>
[/vc_column_text][/vc_column][/vc_row]

<p>[vc_row][vc_column][vc_column_text] Szurka &#8211; Piszkák csörték között Mindent megírt Selmeczi Tibor humorista és edzője, Gáborján Rita Selmeczi Tibor humorista, író, talán</p>
